.
6
Suppose -x + 0*x = 3, -2*o + 228 = -2*x. Suppose -5*k - 8 - 2 = -4*i, i - 13 = -4*k. Suppose k*d - 222 = -d. What is the highest common factor of d and o?
37
Let n(k) be the second derivative of k**3/3 + 3*k**2/2 + 2*k. Let q be n(16). Calculate the greatest common divisor of 7 and q.
7
Suppose 3*r - 2*c = 7*r - 90, -2*r = -c - 47. Let d be (69/(-9))/(2/(-6)). Calculate the highest common divisor of r and d.
23
Let y = 312 + -289. Let n be (2 - 0)/(2/3). Let s = y - n. Calculate the highest common divisor of s and 160.
20
Suppose -p - 5*l + 236 = 2*p, l = 1. Let g be (7/(-3))/(2*4/(-24)). Calculate the highest common factor of p and g.
7
Let d = -37 + 39. Suppose 33 = -5*j + d*t, t + 0 = j + 9. Let x = j + 6. Calculate the highest common factor of x and 8.
1
Suppose 16*d = 40*d - 1200. What is the greatest common factor of 16 and d?
2
Let k be 6*(36/8)/9. Let i be 141 + 0 - -1*k. Calculate the highest common factor of 18 and i.
18
Let c(h) = -h**2 - 22*h - 8. Let d be c(-18). Suppose -16*j - d = -20*j. Calculate the highest common factor of 176 and j.
16
Suppose -6*y + y + 175 = 0. Let d(w) = 9*w**3 - w**2 - 7*w + 16. Let f be d(2). What is the greatest common factor of f and y?
35
Let k = 79 - 74. Suppose 0 = 4*j + k - 13. Let y be 4/14 + 328/28. What is the greatest common divisor of j and y?
2
Let b(a) be the second derivative of 6*a + 1/12*a**4 - 1/2*a**2 - 2/3*a**3 + 0. Let w be b(-9). What is the highest common factor of 29 and w?
29
Let h(v) = -8*v - 220. Let b be h(-28). Let z be (60/(-3))/2 + 2. Let t be z/28 + 116/14. Calculate the highest common divisor of b and t.
4
Let x be (9*56/60)/((-7)/(-35)). What is the highest common divisor of 21 and x?
21
Let k(u) = 3*u**2 - 7. Let i be ((-6)/8)/((-1)/(-4)). Let x be k(i). What is the highest common factor of 8 and x?
4
Suppose -4*b + 3*h + 47 = 0, 4*b - h = -3*h + 42. Suppose -4*w + 25 + b = 0. Calculate the highest common divisor of 21 and w.
3
Let c = 264 - 114. Calculate the greatest common factor of 30 and c.
30
Suppose 5*x + 2*i = 3714, 5*x - 2*x = 4*i + 2218. What is the greatest common divisor of 42 and x?
14
Let v(a) = -a**3 + 6*a**2 + 6*a + 1. Let o be v(7). Let s(q) = 3*q**2 + 15*q + 21. Let y be s(o). What is the greatest common divisor of y and 312?
39
Suppose 3*o - 2*w = o + 18, -2*w = -8. Calculate the greatest common divisor of 117 and o.
13
Let i = -1092 + 1106. Let r be (-2)/(((-6)/(-3))/(-112)). What is the highest common divisor of r and i?
14
Let z(n) = -8*n**2 - 2 + 9*n + 14 + 7*n**2. Let f be z(10). Let y be (-4205)/(-25) - f/10. What is the greatest common factor of y and 24?
24
Let d be (-1)/((-2)/(-2)) - -2. Let v = -68 - -80. Let k = -10 + v. What is the highest common factor of k and d?
1
Let g = 63 + -51. What is the greatest common divisor of 288 and g?
12
Suppose 2*j - 2 - 6 = 0. Suppose -j*r + 3 = -25. Suppose 2*k + r = -3*a + 16, 0 = 3*a + k - 12. What is the highest common divisor of 10 and a?
5
Let j(k) = 20*k + 4. Let i be j(3). Let m = -35 + i. Suppose -c + 3*b + m = 4*b, 4*c + b = 113. Calculate the greatest common divisor of c and 84.
28
Let p be 27/(-99)*-11*3. Let q be ((-99)/6)/((-1)/6). What is the highest common factor of p and q?
9
Let z = 46 - 76. Let h be (20/z)/((-2)/33). Suppose -3*l + l + 22 = 0. What is the highest common factor of l and h?
11
Suppose -34 = -6*n + 272. Calculate the highest common factor of n and 153.
51
Let o = 46 - 9. Suppose -5*x - 80 = -7*x + 2*j, -114 = -3*x + j. Calculate the highest common factor of x and o.
37
Let u(c) = c**2 - 5*c - 19. Let v be u(-4). What is the highest common divisor of v and 1?
1
Suppose -5*j - 29 + 5 = -3*h, 0 = 5*h - 5*j - 30. Let a be 3/(h*3/81). Suppose -o + a = -117. Calculate the greatest common factor of 18 and o.
18
Let c = 551 + -418. Calculate the highest common divisor of c and 38.
19
Suppose -14*k + 24*k = 30. Let p be ((-2 - 8) + 3)*-1. Calculate the highest common divisor of k and p.
1
Let f be -16*(-4)/48*108. Calculate the greatest common factor of 32 and f.
16
Let v(y) = -2*y + 8. Let i be v(4). Suppose i = -11*t + t + 130. Calculate the greatest common divisor of 52 and t.
13
Let h = 17 - 5. Let f be 114/10 + h/20. What is the highest common factor of f and 108?
12
Suppose -10 + 18 = 4*f. Suppose 0 = -6*i + f*i + 180. Suppose -3*m + i = -63. What is the highest common factor of 12 and m?
12
Let d be (-72 + 0)*2/(-3). Let t be (-14)/(-4)*10/(-35)*-16. Calculate the highest common factor of t and d.
16
Suppose 0 = -5*c + 7 + 13. Let g(u) = -3*u - 41. Let q be g(-14). What is the highest common factor of c and q?
1
Suppose 234 = 23*r - 17*r. Let f be 1 + -1 - (-3 - -6). Let t(w) = -10*w - 4. Let b be t(f). What is the highest common factor of r and b?
13
Let g be 12/(-20) + (-20)/(-25)*7. Calculate the greatest common divisor of g and 4.
1
Let y(v) = -10*v**2 + 179*v + 4. Let i be y(16). Calculate the greatest common factor of 176 and i.
44
Let y be 1*((-70)/6 - -7)*-3. What is the highest common factor of 350 and y?
14
Let i(k) = 0*k**3 + 9*k**2 + k**3 + k**2 + 16*k + 6 + 7*k**2. Let q be i(-16). What is the highest common factor of 72 and q?
6
Suppose 5*n = 8*n - 12. What is the greatest common factor of 18 and n?
2
Suppose -6*x + 4*h + 390 = -11*x, 5*x = h - 415. Let z = x + 95. What is the greatest common divisor of 26 and z?
13
Let y(m) = -m**3 + m**2 + 15. Let v be y(0). Let k = 112 - -53. Calculate the greatest common divisor of v and k.
15
Let j be (-1 + -1)/((-1)/(-75)). Let i = j - 22. Let r = i + 308. Calculate the greatest common factor of 17 and r.
17
Suppose 4*p = -2*o + 520, 2*p = -0*p + 2*o + 272. What is the highest common factor of 3 and p?
3
Let l = 1109 - 1043. Calculate the greatest common factor of 96 and l.
6
Suppose -4*p = -3*k - 21 - 35, 4*p - 80 = 5*k. Let c = 42 + k. What is the highest common factor of 15 and c?
15
Let f be (-12)/18*(1 + 17/(-2)). Suppose -f*r + 322 = 3*v, -v = v - 5*r - 173. What is the highest common divisor of 22 and v?
11
Let s be (-101)/3 - (-2)/(-6). Let w be s/(-9) + (-2)/(-9). Calculate the greatest common divisor of w and 36.
4
Let x be (-1702)/(-17) + 8/(-68). Let j(c) = c - 2. Let b be j(5). Suppose -b*r = r - x. What is the highest common divisor of 175 and r?
25
Let i = -15 - -40. Let f = i - 4. Let g = 5 - -37. Calculate the highest common factor of g and f.
21
Let r(b) = -3 + 23*b - 55*b + 29*b. Let g be r(-4). What is the greatest common divisor of 3 and g?
3
Let q be 2*(3 + 44/8). Let f(s) = s**2 - 18*s - 98. Let r be f(23). Calculate the greatest common divisor of r and q.
17
Suppose 22*f - 2734 = -1150. What is the greatest common factor of f and 27?
9
Let c be -4 + -1 + 23/((-138)/(-1950)). Calculate the highest common factor of c and 5.
5
Let a(s) = s**2 + 3*s - 1. Let g be a(-8). Suppose -5*t + 45 = 2*b - g, 0 = -2*b - 6. Calculate the greatest common factor of 144 and t.
18
Let n(h) = h**3 - 7*h**2 + 14*h - 3. Let k be n(6). Calculate the highest common factor of k and 720.
45
Suppose 20*q - 21 = 219. What is the highest common factor of 156 and q?
12
Let n = -71 + 103. Let w(v) = -3*v - 2. Let i be w(-2). Calculate the greatest common divisor of n and i.
4
Let d be 0*(15/(-10) + 2). Suppose -5*q = -4*j + 36, d = -j + 4*q - 0 - 2. What is the highest common divisor of j and 98?
14
Let h(w) = w**3 + 9*w**2 + 5*w - 8. Let f be h(-6). Let v = 34 + -31. Suppose 8*i = 2*x + v*i, -44 = -4*x - i. Calculate the highest common factor of f and x.
10
Let a be -1*(4 - 4) - -880. Suppose 2*y = -2*y + a. Let p = -8 + 28. Calculate the highest common factor of p and y.
20
Let v(z) be the third derivative of -19*z**4/24 - z**3/6 + 4*z**2 + z. Suppose 14 = 3*f - 5*f. Let d be v(f). What is the highest common factor of 12 and d?
12
Suppose -9*k = -382 - 248. Calculate the highest common factor of 40 and k.
10
Let l(p) = -5*p**3 + 2*p**2 + 2*p + 1. Let x be l(-1). Let d be 1*-8*(-8 - (7 + -13)). Calculate the highest common divisor of x and d.
2
Let s = -23 + 32. Let f be (3/s)/(6/18). Let r(u) = u**3 - 4*u**2 - 4*u. Let c be r(5). Calculate the highest common factor of f and c.
1
Suppose -72 = -0*b - 3*b. Suppose 4*a = b - 4. Calculate the greatest common divisor of a and 40.
5
Let f be (1*-12)/((-2)/(-3)). Suppose 4*g 